{"id":1084,"date":"2020-03-28T11:25:40","date_gmt":"2020-03-28T11:25:40","guid":{"rendered":"http:\/\/pluginspoint.com\/geoport\/?page_id=1084"},"modified":"2021-11-10T12:15:15","modified_gmt":"2021-11-10T17:15:15","slug":"about","status":"publish","type":"page","link":"https:\/\/www.tshlogistic.com\/?page_id=1084","title":{"rendered":"Nosotros"},"content":{"rendered":"\t\t<div data-elementor-type=\"wp-page\" data-elementor-id=\"1084\" class=\"elementor elementor-1084\" data-elementor-settings=\"[]\">\n\t\t\t\t\t\t<div class=\"elementor-inner\">\n\t\t\t\t\t\t\t<div class=\"elementor-section-wrap\">\n\t\t\t\t\t\t\t<section class=\"elementor-section elementor-top-section elementor-element elementor-element-82d5a64 elementor-section-boxed elementor-section-height-default elementor-section-height-default\" data-id=\"82d5a64\" data-element_type=\"section\">\n\t\t\t\t\t\t<div class=\"elementor-container elementor-column-gap-default\">\n\t\t\t\t\t\t\t<div class=\"elementor-row\">\n\t\t\t\t\t<div class=\"elementor-column elementor-col-50 elementor-top-column elementor-element elementor-element-31b429a\" data-id=\"31b429a\" data-element_type=\"column\">\n\t\t\t<div class=\"elementor-column-wrap elementor-element-populated\">\n\t\t\t\t\t\t\t<div class=\"elementor-widget-wrap\">\n\t\t\t\t\t\t<div class=\"elementor-element elementor-element-af7e463 elementor-widget elementor-widget-section-head\" data-id=\"af7e463\" data-element_type=\"widget\" data-widget_type=\"section-head.default\">\n\t\t\t\t<div class=\"elementor-widget-container\">\n\t\t\t\t\t<div class=\"section-title \">\r\n\t\t\t            <span class=\"line wow \">Quienes somos<\/span>\r\n                        <h2>\r\n            \t            \t<span class=\"tl1\" >NOSOTROS<\/span>\r\n            \t            <\/h2>\r\n                  <\/div>\r\n\t\t\t<\/div>\n\t\t\t\t<\/div>\n\t\t\t\t<div class=\"elementor-element elementor-element-3f1d2d4 elementor-widget elementor-widget-heading\" data-id=\"3f1d2d4\" data-element_type=\"widget\" data-widget_type=\"heading.default\">\n\t\t\t\t<div class=\"elementor-widget-container\">\n\t\t\t<p class=\"elementor-heading-title elementor-size-default\"><span style=\"font-weight: 400; color: rgb(91, 125, 154); font-family: Roboto; font-size: 16px;\">TSH LOGISTIC SAC es una empresa especializada en TRANSPORTE DE CARGA PESADA EN GENERAL, LOCALES Y NACIONALES con vasta experiencia que apunto al liderazgo en el servicio de transportes de carga.<\/span><span style=\"color: rgb(5, 89, 121); font-size: 24px; font-weight: 400;\"><\/span><\/p>\t\t<\/div>\n\t\t\t\t<\/div>\n\t\t\t\t<div class=\"elementor-element elementor-element-31a2b54 elementor-widget elementor-widget-heading\" data-id=\"31a2b54\" data-element_type=\"widget\" data-widget_type=\"heading.default\">\n\t\t\t\t<div class=\"elementor-widget-container\">\n\t\t\t<p class=\"elementor-heading-title elementor-size-default\"><h4>Misi\u00f3n<\/h4>\nGeneramos soluciones log\u00edsticas superando las expectativas de nuestros clientes, manteniendo est\u00e1ndares de calidad, salud, seguridad e innovaci\u00f3n tecnol\u00f3gica como soporte de nuestras operaciones.<br><br>\n<h4>Visi\u00f3n<\/h4>\nSer una de las empresas m\u00e1s reconocidas en servicios log\u00edsticos con tecnolog\u00eda avanzada que a su vez sea el socio estrat\u00e9gico de las empresas de m\u00e1s alto nivel econ\u00f3mico del pa\u00eds a fines del 2018.<br><br>\n<h4>Valores<\/h4>\nPuntualidad<br>\nCalidad<br>\nSeguridad<br>\nCompromiso\n\n<\/p>\t\t<\/div>\n\t\t\t\t<\/div>\n\t\t\t\t\t\t<\/div>\n\t\t\t\t\t<\/div>\n\t\t<\/div>\n\t\t\t\t<div class=\"elementor-column elementor-col-50 elementor-top-column elementor-element elementor-element-ab44466\" data-id=\"ab44466\" data-element_type=\"column\">\n\t\t\t<div class=\"elementor-column-wrap elementor-element-populated\">\n\t\t\t\t\t\t\t<div class=\"elementor-widget-wrap\">\n\t\t\t\t\t\t<div class=\"elementor-element elementor-element-7c93d1d elementor-widget elementor-widget-animated_image\" data-id=\"7c93d1d\" data-element_type=\"widget\" data-widget_type=\"animated_image.default\">\n\t\t\t\t<div class=\"elementor-widget-container\">\n\t\t\t   \t<div class=\"anim-image wow fadeInRight anim-image\" data-wow-delay=\"0.2s\">\n   \t\t         <!-- <img src=\"\" alt=\"\"> -->\n         <img width=\"450\" height=\"520\" src=\"https:\/\/www.tshlogistic.com\/wp-content\/uploads\/2020\/10\/faq_img01-1.jpg\" class=\"attachment-large size-large\" alt=\"\" loading=\"lazy\" srcset=\"https:\/\/www.tshlogistic.com\/wp-content\/uploads\/2020\/10\/faq_img01-1.jpg 450w, https:\/\/www.tshlogistic.com\/wp-content\/uploads\/2020\/10\/faq_img01-1-260x300.jpg 260w, https:\/\/www.tshlogistic.com\/wp-content\/uploads\/2020\/10\/faq_img01-1-69x80.jpg 69w\" sizes=\"(max-width: 450px) 100vw, 450px\" \/>      \t     <\/div>\n\t\t\t<\/div>\n\t\t\t\t<\/div>\n\t\t\t\t<div class=\"elementor-element elementor-element-19ba3ce elementor-widget elementor-widget-animated_image\" data-id=\"19ba3ce\" data-element_type=\"widget\" data-widget_type=\"animated_image.default\">\n\t\t\t\t<div class=\"elementor-widget-container\">\n\t\t\t   \t<div class=\"anim-image wow fadeInUp anim-image\" data-wow-delay=\"0.2s\">\n   \t\t         <!-- <img src=\"\" alt=\"\"> -->\n         <img width=\"439\" height=\"281\" src=\"https:\/\/www.tshlogistic.com\/wp-content\/uploads\/2020\/10\/faq_img02-1.jpg\" class=\"attachment-large size-large\" alt=\"\" loading=\"lazy\" srcset=\"https:\/\/www.tshlogistic.com\/wp-content\/uploads\/2020\/10\/faq_img02-1.jpg 439w, https:\/\/www.tshlogistic.com\/wp-content\/uploads\/2020\/10\/faq_img02-1-300x192.jpg 300w, https:\/\/www.tshlogistic.com\/wp-content\/uploads\/2020\/10\/faq_img02-1-80x51.jpg 80w\" sizes=\"(max-width: 439px) 100vw, 439px\" \/>      \t     <\/div>\n\t\t\t<\/div>\n\t\t\t\t<\/div>\n\t\t\t\t<div class=\"elementor-element elementor-element-67b9b70 elementor-widget elementor-widget-animated_image\" data-id=\"67b9b70\" data-element_type=\"widget\" data-widget_type=\"animated_image.default\">\n\t\t\t\t<div class=\"elementor-widget-container\">\n\t\t\t   \t<div class=\"anim-image wow fadeInUp anim-image\" data-wow-delay=\"0.2s\">\n   \t\t         <!-- <img src=\"\" alt=\"\"> -->\n         <img width=\"439\" height=\"281\" src=\"https:\/\/www.tshlogistic.com\/wp-content\/uploads\/2020\/03\/faq_img02-1.jpg\" class=\"attachment-full size-full\" alt=\"\" loading=\"lazy\" srcset=\"https:\/\/www.tshlogistic.com\/wp-content\/uploads\/2020\/03\/faq_img02-1.jpg 439w, https:\/\/www.tshlogistic.com\/wp-content\/uploads\/2020\/03\/faq_img02-1-300x192.jpg 300w, https:\/\/www.tshlogistic.com\/wp-content\/uploads\/2020\/03\/faq_img02-1-80x51.jpg 80w\" sizes=\"(max-width: 439px) 100vw, 439px\" \/>      \t     <\/div>\n\t\t\t<\/div>\n\t\t\t\t<\/div>\n\t\t\t\t\t\t<\/div>\n\t\t\t\t\t<\/div>\n\t\t<\/div>\n\t\t\t\t\t\t\t\t<\/div>\n\t\t\t\t\t<\/div>\n\t\t<\/section>\n\t\t\t\t<section class=\"elementor-section elementor-top-section elementor-element elementor-element-97ff62a elementor-section-boxed elementor-section-height-default elementor-section-height-default\" data-id=\"97ff62a\" data-element_type=\"section\" data-settings=\"{&quot;background_background&quot;:&quot;classic&quot;}\">\n\t\t\t\t\t\t\t<div class=\"elementor-background-overlay\"><\/div>\n\t\t\t\t\t\t\t<div class=\"elementor-container elementor-column-gap-default\">\n\t\t\t\t\t\t\t<div class=\"elementor-row\">\n\t\t\t\t\t<div class=\"elementor-column elementor-col-100 elementor-top-column elementor-element elementor-element-c35de20\" data-id=\"c35de20\" data-element_type=\"column\">\n\t\t\t<div class=\"elementor-column-wrap elementor-element-populated\">\n\t\t\t\t\t\t\t<div class=\"elementor-widget-wrap\">\n\t\t\t\t\t\t<div class=\"elementor-element elementor-element-e03e9d0 elementor-widget elementor-widget-section-head\" data-id=\"e03e9d0\" data-element_type=\"widget\" data-widget_type=\"section-head.default\">\n\t\t\t\t<div class=\"elementor-widget-container\">\n\t\t\t\t\t<div class=\"section-title s-section-title\">\r\n\t\t\t            <span class=\"line wow \">MARCAS<\/span>\r\n                        <h2>\r\n            \t            \t<span class=\"tl1\" >Marcas de  nuestras unidades<\/span>\r\n            \t            <\/h2>\r\n                        <h2 class=\"bg-title\">MARCAS<\/h2>\r\n        \t      <\/div>\r\n\t\t\t<\/div>\n\t\t\t\t<\/div>\n\t\t\t\t<section class=\"elementor-section elementor-inner-section elementor-element elementor-element-0f1d3d7 elementor-section-boxed elementor-section-height-default elementor-section-height-default\" data-id=\"0f1d3d7\" data-element_type=\"section\">\n\t\t\t\t\t\t<div class=\"elementor-container elementor-column-gap-default\">\n\t\t\t\t\t\t\t<div class=\"elementor-row\">\n\t\t\t\t\t<div class=\"elementor-column elementor-col-33 elementor-inner-column elementor-element elementor-element-0ff4336\" data-id=\"0ff4336\" data-element_type=\"column\">\n\t\t\t<div class=\"elementor-column-wrap elementor-element-populated\">\n\t\t\t\t\t\t\t<div class=\"elementor-widget-wrap\">\n\t\t\t\t\t\t<div class=\"elementor-element elementor-element-6311be2 single-brand elementor-widget elementor-widget-image\" data-id=\"6311be2\" data-element_type=\"widget\" data-widget_type=\"image.default\">\n\t\t\t\t<div class=\"elementor-widget-container\">\n\t\t\t\t\t\t\t\t<div class=\"elementor-image\">\n\t\t\t\t\t\t\t\t\t\t\t\t<img width=\"200\" height=\"200\" src=\"https:\/\/www.tshlogistic.com\/wp-content\/uploads\/2020\/10\/Por-que-elegirnos-marcas-unidades-01.jpg\" class=\"attachment-full size-full\" alt=\"\" loading=\"lazy\" srcset=\"https:\/\/www.tshlogistic.com\/wp-content\/uploads\/2020\/10\/Por-que-elegirnos-marcas-unidades-01.jpg 200w, https:\/\/www.tshlogistic.com\/wp-content\/uploads\/2020\/10\/Por-que-elegirnos-marcas-unidades-01-150x150.jpg 150w, https:\/\/www.tshlogistic.com\/wp-content\/uploads\/2020\/10\/Por-que-elegirnos-marcas-unidades-01-80x80.jpg 80w, https:\/\/www.tshlogistic.com\/wp-content\/uploads\/2020\/10\/Por-que-elegirnos-marcas-unidades-01-140x140.jpg 140w\" sizes=\"(max-width: 200px) 100vw, 200px\" \/>\t\t\t\t\t\t\t\t\t\t\t\t\t\t<\/div>\n\t\t\t\t\t\t<\/div>\n\t\t\t\t<\/div>\n\t\t\t\t\t\t<\/div>\n\t\t\t\t\t<\/div>\n\t\t<\/div>\n\t\t\t\t<div class=\"elementor-column elementor-col-33 elementor-inner-column elementor-element elementor-element-6d3132d\" data-id=\"6d3132d\" data-element_type=\"column\">\n\t\t\t<div class=\"elementor-column-wrap elementor-element-populated\">\n\t\t\t\t\t\t\t<div class=\"elementor-widget-wrap\">\n\t\t\t\t\t\t<div class=\"elementor-element elementor-element-013bedc single-brand elementor-widget elementor-widget-image\" data-id=\"013bedc\" data-element_type=\"widget\" data-widget_type=\"image.default\">\n\t\t\t\t<div class=\"elementor-widget-container\">\n\t\t\t\t\t\t\t\t<div class=\"elementor-image\">\n\t\t\t\t\t\t\t\t\t\t\t\t<img width=\"200\" height=\"200\" src=\"https:\/\/www.tshlogistic.com\/wp-content\/uploads\/2020\/10\/Por-que-elegirnos-marcas-unidades-02.jpg\" class=\"attachment-full size-full\" alt=\"\" loading=\"lazy\" srcset=\"https:\/\/www.tshlogistic.com\/wp-content\/uploads\/2020\/10\/Por-que-elegirnos-marcas-unidades-02.jpg 200w, https:\/\/www.tshlogistic.com\/wp-content\/uploads\/2020\/10\/Por-que-elegirnos-marcas-unidades-02-150x150.jpg 150w, https:\/\/www.tshlogistic.com\/wp-content\/uploads\/2020\/10\/Por-que-elegirnos-marcas-unidades-02-80x80.jpg 80w, https:\/\/www.tshlogistic.com\/wp-content\/uploads\/2020\/10\/Por-que-elegirnos-marcas-unidades-02-140x140.jpg 140w\" sizes=\"(max-width: 200px) 100vw, 200px\" \/>\t\t\t\t\t\t\t\t\t\t\t\t\t\t<\/div>\n\t\t\t\t\t\t<\/div>\n\t\t\t\t<\/div>\n\t\t\t\t\t\t<\/div>\n\t\t\t\t\t<\/div>\n\t\t<\/div>\n\t\t\t\t<div class=\"elementor-column elementor-col-33 elementor-inner-column elementor-element elementor-element-5560e4b\" data-id=\"5560e4b\" data-element_type=\"column\">\n\t\t\t<div class=\"elementor-column-wrap elementor-element-populated\">\n\t\t\t\t\t\t\t<div class=\"elementor-widget-wrap\">\n\t\t\t\t\t\t<div class=\"elementor-element elementor-element-0f34991 single-brand elementor-widget elementor-widget-image\" data-id=\"0f34991\" data-element_type=\"widget\" data-widget_type=\"image.default\">\n\t\t\t\t<div class=\"elementor-widget-container\">\n\t\t\t\t\t\t\t\t<div class=\"elementor-image\">\n\t\t\t\t\t\t\t\t\t\t\t\t<img width=\"200\" height=\"200\" src=\"https:\/\/www.tshlogistic.com\/wp-content\/uploads\/2020\/10\/Por-que-elegirnos-marcas-unidades-03.jpg\" class=\"attachment-full size-full\" alt=\"\" loading=\"lazy\" srcset=\"https:\/\/www.tshlogistic.com\/wp-content\/uploads\/2020\/10\/Por-que-elegirnos-marcas-unidades-03.jpg 200w, https:\/\/www.tshlogistic.com\/wp-content\/uploads\/2020\/10\/Por-que-elegirnos-marcas-unidades-03-150x150.jpg 150w, https:\/\/www.tshlogistic.com\/wp-content\/uploads\/2020\/10\/Por-que-elegirnos-marcas-unidades-03-80x80.jpg 80w, https:\/\/www.tshlogistic.com\/wp-content\/uploads\/2020\/10\/Por-que-elegirnos-marcas-unidades-03-140x140.jpg 140w\" sizes=\"(max-width: 200px) 100vw, 200px\" \/>\t\t\t\t\t\t\t\t\t\t\t\t\t\t<\/div>\n\t\t\t\t\t\t<\/div>\n\t\t\t\t<\/div>\n\t\t\t\t\t\t<\/div>\n\t\t\t\t\t<\/div>\n\t\t<\/div>\n\t\t\t\t\t\t\t\t<\/div>\n\t\t\t\t\t<\/div>\n\t\t<\/section>\n\t\t\t\t<section class=\"elementor-section elementor-inner-section elementor-element elementor-element-66ab2f9 elementor-section-boxed elementor-section-height-default elementor-section-height-default\" data-id=\"66ab2f9\" data-element_type=\"section\">\n\t\t\t\t\t\t<div class=\"elementor-container elementor-column-gap-default\">\n\t\t\t\t\t\t\t<div class=\"elementor-row\">\n\t\t\t\t\t<div class=\"elementor-column elementor-col-33 elementor-inner-column elementor-element elementor-element-39ddcbb\" data-id=\"39ddcbb\" data-element_type=\"column\">\n\t\t\t<div class=\"elementor-column-wrap elementor-element-populated\">\n\t\t\t\t\t\t\t<div class=\"elementor-widget-wrap\">\n\t\t\t\t\t\t<div class=\"elementor-element elementor-element-a4720df single-brand elementor-widget elementor-widget-image\" data-id=\"a4720df\" data-element_type=\"widget\" data-widget_type=\"image.default\">\n\t\t\t\t<div class=\"elementor-widget-container\">\n\t\t\t\t\t\t\t\t<div class=\"elementor-image\">\n\t\t\t\t\t\t\t\t\t\t\t\t<img width=\"200\" height=\"200\" src=\"https:\/\/www.tshlogistic.com\/wp-content\/uploads\/2020\/10\/Por-que-elegirnos-marcas-unidades-04.jpg\" class=\"attachment-full size-full\" alt=\"\" loading=\"lazy\" srcset=\"https:\/\/www.tshlogistic.com\/wp-content\/uploads\/2020\/10\/Por-que-elegirnos-marcas-unidades-04.jpg 200w, https:\/\/www.tshlogistic.com\/wp-content\/uploads\/2020\/10\/Por-que-elegirnos-marcas-unidades-04-150x150.jpg 150w, https:\/\/www.tshlogistic.com\/wp-content\/uploads\/2020\/10\/Por-que-elegirnos-marcas-unidades-04-80x80.jpg 80w, https:\/\/www.tshlogistic.com\/wp-content\/uploads\/2020\/10\/Por-que-elegirnos-marcas-unidades-04-140x140.jpg 140w\" sizes=\"(max-width: 200px) 100vw, 200px\" \/>\t\t\t\t\t\t\t\t\t\t\t\t\t\t<\/div>\n\t\t\t\t\t\t<\/div>\n\t\t\t\t<\/div>\n\t\t\t\t\t\t<\/div>\n\t\t\t\t\t<\/div>\n\t\t<\/div>\n\t\t\t\t<div class=\"elementor-column elementor-col-33 elementor-inner-column elementor-element elementor-element-abd8746\" data-id=\"abd8746\" data-element_type=\"column\">\n\t\t\t<div class=\"elementor-column-wrap elementor-element-populated\">\n\t\t\t\t\t\t\t<div class=\"elementor-widget-wrap\">\n\t\t\t\t\t\t<div class=\"elementor-element elementor-element-876bd31 single-brand elementor-widget elementor-widget-image\" data-id=\"876bd31\" data-element_type=\"widget\" data-widget_type=\"image.default\">\n\t\t\t\t<div class=\"elementor-widget-container\">\n\t\t\t\t\t\t\t\t<div class=\"elementor-image\">\n\t\t\t\t\t\t\t\t\t\t\t\t<img width=\"200\" height=\"200\" src=\"https:\/\/www.tshlogistic.com\/wp-content\/uploads\/2020\/10\/Por-que-elegirnos-marcas-unidades-05.jpg\" class=\"attachment-full size-full\" alt=\"\" loading=\"lazy\" srcset=\"https:\/\/www.tshlogistic.com\/wp-content\/uploads\/2020\/10\/Por-que-elegirnos-marcas-unidades-05.jpg 200w, https:\/\/www.tshlogistic.com\/wp-content\/uploads\/2020\/10\/Por-que-elegirnos-marcas-unidades-05-150x150.jpg 150w, https:\/\/www.tshlogistic.com\/wp-content\/uploads\/2020\/10\/Por-que-elegirnos-marcas-unidades-05-80x80.jpg 80w, https:\/\/www.tshlogistic.com\/wp-content\/uploads\/2020\/10\/Por-que-elegirnos-marcas-unidades-05-140x140.jpg 140w\" sizes=\"(max-width: 200px) 100vw, 200px\" \/>\t\t\t\t\t\t\t\t\t\t\t\t\t\t<\/div>\n\t\t\t\t\t\t<\/div>\n\t\t\t\t<\/div>\n\t\t\t\t\t\t<\/div>\n\t\t\t\t\t<\/div>\n\t\t<\/div>\n\t\t\t\t<div class=\"elementor-column elementor-col-33 elementor-inner-column elementor-element elementor-element-e3965b9\" data-id=\"e3965b9\" data-element_type=\"column\">\n\t\t\t<div class=\"elementor-column-wrap elementor-element-populated\">\n\t\t\t\t\t\t\t<div class=\"elementor-widget-wrap\">\n\t\t\t\t\t\t<div class=\"elementor-element elementor-element-702a042 single-brand elementor-widget elementor-widget-image\" data-id=\"702a042\" data-element_type=\"widget\" data-widget_type=\"image.default\">\n\t\t\t\t<div class=\"elementor-widget-container\">\n\t\t\t\t\t\t\t\t<div class=\"elementor-image\">\n\t\t\t\t\t\t\t\t\t\t\t\t<img width=\"200\" height=\"200\" src=\"https:\/\/www.tshlogistic.com\/wp-content\/uploads\/2020\/10\/Por-que-elegirnos-marcas-unidades-06.jpg\" class=\"attachment-full size-full\" alt=\"ASDASDASD\" loading=\"lazy\" srcset=\"https:\/\/www.tshlogistic.com\/wp-content\/uploads\/2020\/10\/Por-que-elegirnos-marcas-unidades-06.jpg 200w, https:\/\/www.tshlogistic.com\/wp-content\/uploads\/2020\/10\/Por-que-elegirnos-marcas-unidades-06-150x150.jpg 150w, https:\/\/www.tshlogistic.com\/wp-content\/uploads\/2020\/10\/Por-que-elegirnos-marcas-unidades-06-80x80.jpg 80w, https:\/\/www.tshlogistic.com\/wp-content\/uploads\/2020\/10\/Por-que-elegirnos-marcas-unidades-06-140x140.jpg 140w\" sizes=\"(max-width: 200px) 100vw, 200px\" \/>\t\t\t\t\t\t\t\t\t\t\t\t\t\t<\/div>\n\t\t\t\t\t\t<\/div>\n\t\t\t\t<\/div>\n\t\t\t\t\t\t<\/div>\n\t\t\t\t\t<\/div>\n\t\t<\/div>\n\t\t\t\t\t\t\t\t<\/div>\n\t\t\t\t\t<\/div>\n\t\t<\/section>\n\t\t\t\t\t\t<\/div>\n\t\t\t\t\t<\/div>\n\t\t<\/div>\n\t\t\t\t\t\t\t\t<\/div>\n\t\t\t\t\t<\/div>\n\t\t<\/section>\n\t\t\t\t\t\t<\/div>\n\t\t\t\t\t\t<\/div>\n\t\t\t\t\t<\/div>\n\t\t","protected":false},"excerpt":{"rendered":"<p>Quienes somos NOSOTROS TSH LOGISTIC SAC es una empresa especializada en TRANSPORTE DE CARGA PESADA EN GENERAL, LOCALES Y NACIONALES con vasta experiencia que apunto al liderazgo en el servicio de transportes de carga. Misi\u00f3n Generamos soluciones log\u00edsticas superando las expectativas de nuestros clientes, manteniendo est\u00e1ndares de calidad, salud, seguridad e innovaci\u00f3n tecnol\u00f3gica como soporte [&hellip;]<\/p>\n","protected":false},"author":1,"featured_media":0,"parent":0,"menu_order":0,"comment_status":"closed","ping_status":"closed","template":"page-template\/blank-page-sidebar.php","meta":[],"_links":{"self":[{"href":"https:\/\/www.tshlogistic.com\/index.php?rest_route=\/wp\/v2\/pages\/1084"}],"collection":[{"href":"https:\/\/www.tshlogistic.com\/index.php?rest_route=\/wp\/v2\/pages"}],"about":[{"href":"https:\/\/www.tshlogistic.com\/index.php?rest_route=\/wp\/v2\/types\/page"}],"author":[{"embeddable":true,"href":"https:\/\/www.tshlogistic.com\/index.php?rest_route=\/wp\/v2\/users\/1"}],"replies":[{"embeddable":true,"href":"https:\/\/www.tshlogistic.com\/index.php?rest_route=%2Fwp%2Fv2%2Fcomments&post=1084"}],"version-history":[{"count":24,"href":"https:\/\/www.tshlogistic.com\/index.php?rest_route=\/wp\/v2\/pages\/1084\/revisions"}],"predecessor-version":[{"id":3510,"href":"https:\/\/www.tshlogistic.com\/index.php?rest_route=\/wp\/v2\/pages\/1084\/revisions\/3510"}],"wp:attachment":[{"href":"https:\/\/www.tshlogistic.com\/index.php?rest_route=%2Fwp%2Fv2%2Fmedia&parent=1084"}],"curies":[{"name":"wp","href":"https:\/\/api.w.org\/{rel}","templated":true}]}}